0452426 (base 8) to base 11.
6006a48
What is 1431413 (base 5) in base 15?
8e58
-1413032012 (base 5) to base 12
-12780b1
Convert 1252221 (base 11) to base 6.
114301203
Convert -12252105 (base 6) to base 8.
-1404751
Convert -42b66 (base 13) to base 2.
-11101011100000101
Convert 504120 (base 6) to base 4.
21231300
What is -4a91 (base 13) in base 12?
-6170
Convert -21a789 (base 12) to base 6.
-15301053
Convert 1225534 (base 7) to base 10.
158050
-9223 (base 14) to base 10
-25119
1110110110011011001110 (base 2) to base 4
32312123032
Convert 4066 (base 7) to base 12.
9a4
Convert 251632 (base 8) to base 12.
4238a
10200202131 (base 4) to base 14
22a9c1
Convert -11101055 (base 6) to base 7.
-2562365
What is 1102211220012 (base 3) in base 5?
143432040
2b2b2 (base 14) to base 7
625412
43200342 (base 5) to base 10
365722
What is 2131231300 (base 4) in base 13?
198064
Convert -185a974 (base 11) to base 2.
-1100000000011110000110
What is 143437 (base 8) in base 16?
c71f
30431224 (base 6) to base 8
3255140
What is -13033100223 (base 4) in base 9?
-3511810
Convert -195566 (base 14) to base 12.
-373a72
What is 1368404 (base 12) in base 9?
7250374
What is -2220101121121 (base 3) in base 6?
-53023324
1441653 (base 7) to base 10
195156
What is -35a09 (base 15) in base 16?
-29c01
-22000200221211 (base 3) to base 15
-593c17
Convert -122023112 (base 4) to base 5.
-11412342
11100010011010110000000 (base 2) to base 15
9b8479
What is 3112142 (base 5) in base 11?
35293
Convert -212566 (base 12) to base 9.
-875846
-110000100111 (base 2) to base 9
-4236
Convert -1110010110110100000 (base 2) to base 14.
-c3624
Convert -34502241 (base 6) to base 3.
-2000011001121
What is -8809134 (base 10) in base 5?
-4223343014
424516 (base 10) to base 9
716284
What is 21342 (base 7) in base 13?
2565
Convert -10010111101101111 (base 2) to base 15.
-18039
110111001000000000000 (base 2) to base 13
4b324c
216544 (base 9) to base 16
1f9c6
1279a51 (base 11) to base 6
115204403
What is -107429 (base 11) in base 8?
-515603
Convert 10344131 (base 5) to base 8.
260655
Convert -390436 (base 15) to base 7.
-32146614
What is 234054 (base 8) in base 15?
18a2b
What is -120012303 (base 4) in base 7?
-560604
421113003 (base 5) to base 9
3238700
-1001111001000001110011 (base 2) to base 12
-a50617
What is 50a71 (base 13) in base 16?
234cb
What is 44cc4 (base 14) in base 6?
3325524
Convert 32233333 (base 4) to base 12.
2ab67
Convert 86471 (base 11) to base 3.
20101101200
-9547a (base 16) to base 9
-1131668
Convert b399 (base 12) to base 3.
222211100
Convert 24411404 (base 7) to base 16.
21624e
Convert -1110000100100010111 (base 2) to base 10.
-461079
What is -1100100101111001111 (base 2) in base 12?
-17a953
Convert -331032303 (base 5) to base 13.
-3ab266
-1101111000110111 (base 2) to base 8
-157067
-27315 (base 12) to base 10
-54017
What is 7350682 (base 11) in base 4?
301123212111
Convert 35b403 (base 13) to base 10.
1281530
Convert 32303521 (base 7) to base 16.
2a1405
What is -134132413 (base 5) in base 7?
-5613665
Convert -213644 (base 10) to base 9.
-355052
What is 55353112 (base 6) in base 11?
a36867
What is c26ba8 (base 15) in base 5?
4331033013
Convert -38a43 (base 11) to base 5.
-3241303
-1841e (base 16) to base 15
-1e68d
-143626 (base 8) to base 10
-51094
-4668817 (base 9) to base 6
-130050024
Convert -12240525 (base 8) to base 12.
-aa4785
What is 30113012232 (base 4) in base 8?
14270656
What is -22122222001222 (base 3) in base 5?
-2134331041
What is 101100111111111101010 (base 2) in base 3?
2202220200112
What is 100120011021 (base 3) in base 2?
101101111100100101
-537956 (base 12) to base 10
-1319826
What is -736028 (base 10) in base 14?
-152336
-24400005 (base 6) to base 9
-1414605
Convert -1100001011101010111 (base 2) to base 11.
-252a11
Convert b9ccc (base 13) to base 6.
11112112
6809c8 (base 14) to base 10
3536212
Convert -135bda (base 16) to base 14.
-2504d4
What is 236346 (base 12) in base 2?
10001011010101100110
What is -1501e4 (base 15) in base 12?
-40a237
What is -31420200 (base 5) in base 8?
-1003170
What is 2480648 (base 9) in base 3?
2112200201122
2b9060 (base 12) to base 14
154280
3052795 (base 10) to base 4
23221103323
What is -3812b (base 16) in base 5?
-24322200
138ca (base 13) to base 5
2133140
Convert 84d44d (base 15) to base 11.
362908a
Convert -111320000032 (base 4) to base 3.
-101210100010201
Convert 151462 (base 9) to base 10.
92963
-455510 (base 6) to base 5
-2220400
Convert -43413 (base 14) to base 11.
-101267
Convert -1124034 (base 5) to base 3.
-1001010222
What is 101111111111000 (base 2) in base 4?
11333320
What is 1100112210010 (base 3) in base 2?
10101111101000000100
137ca95 (base 15) to base 8
65520537
What is -104669 (base 10) in base 4?
-121203131
Convert -22101210211212 (base 3) to base 12.
-15b35b8
94613 (base 12) to base 15
3c910
9a84 (base 12) to base 5
1021332
45870 (base 9) to base 15
9100
Convert -24003441 (base 5) to base 11.
-13a7a5
Convert -2949b (base 14) to base 12.
-4b355
Convert 323133214 (base 5) to base 12.
566a42
Convert -1102200221 (base 4) to base 8.
-1224051
Convert 22001022120 (base 3) to base 4.
212223120
Convert 1281de (base 15) to base 6.
31011215
-25b79d (base 16) to base 8
-11333635
What is 583684 (base 11) in base 3?
1202002212112
-301149 (base 10) to base 12
-126339
-49815 (base 10) to base 6
-1022343
9490920 (base 10) to base 15
c771d0
-10455155 (base 6) to base 7
-2465033
What is -3158c (base 14) in base 9?
-201328
30a15 (base 14) to base 3
12221210202
What is -2044416 (base 10) in base 16?
-1f3200
Convert 99288 (base 10) to base 2.
11000001111011000
Convert 2a3499 (base 14) to base 3.
2202122000220
-159a8 (base 13) to base 5
-2304310
What is -161d57 (base 16) in base 14?
-29a259
-44434405 (base 6) to base 2
-101000111101110100101
-121100010121 (base 4) to base 12
-2272821
Convert 94631 (base 11) to base 15.
2aca3
123303111011 (base 4) to base 14
d7a04d
What is -5d8196 (base 15) in base 2?
-10001000110010100111110
Convert -30021041 (base 5) to base 4.
-321203323
Convert -101020221111 (base 3) to base 9.
-336844
Convert 728b9 (base 13) to base 11.
130704
What is -88d850 (base 14) in base 13?
-c69353
-a6a72d (base 14) to base 3
-101121102022121
What is 1154591 (base 10) in base 4?
10121320133
-1226332 (base 9) to base 5
-132323212
What is 143021101 (base 6) in base 5?
1223122143
What is -111302302011 (base 4) in base 7?
-66363030
112002212121 (base 3) to base 12
114821
Convert 18bdc (base 15) to base 3.
11002011100
What is -174661 (base 10) in base 8?
-525105
Convert 16181637 (base 9) to base 6.
445135441
-5220303 (base 6) to base 3
-110210001010
Convert -1587244 (base 9) to base 15.
-127104
Convert -1000110001101111 (base 2) to base 15.
-a9bb
What is 214134 (base 6) in base 9?
26334
What is 1443422 (base 7) in base 6?
4110042
-82597 (base 10) to base 9
-135264
What is -167233 (base 8) in base 15?
-13173
-15a38 (base 14) to base 4
-31032002
-2615530 (base 8) to base 7
-6121101
Convert 3352145 (base 7) to base 13.
11754b
Convert 3000011242 (base 5) to base 3.
102000201200100
What is -10210221200 (base 3) in base 16?
-1252b
Convert 3344421 (base 10) to base 6.
155403233
What is 2451063 (base 7) in base 12?
1322b3
11101011101010010 (base 2) to base 8
353522
What is -604488 (base 11) in base 14?
-1b4438
Convert 56c64 (base 14) to base 7.
1536054
10000101000011101000101 (base 2) to base 6
233241113
Convert 160031240 (base 7) to base 2.
101000110111101010000011
110011011101100010100 (base 2) to base 14
31c776
-4034423 (base 6) to base 8
-566057
Convert -240460 (base 7) to base 15.
-cd21
8136464 (base 11) to base 16
db8352
111224431 (base 6) to base 8
7563643
Convert -100022200112 (base 3) to base 8.
-546267
Convert 122cb1b (base 13) to base 11.
3212565
What is -4440364 (base 7) in base 12?
-224ab1
-2816717 (base 13) to base 16
-c1481c
Convert -4562153 (base 7) to base 16.
-8b1d2
Convert 350453410 (base 6) to base 3.
110012001122120
What is 463298 (base 10) in base 8?
1610702
-635503 (base 11) to base 14
-1c6b40
22aa25 (base 11) to base 6
11502043
What is -13662536 (base 8) in base 10?
-3106142
101110010011001000100 (base 2) to base 10
1517124
-1783681 (base 11) to base 14
-588c74
What is -58510 (base 12) in base 9?
-200163
10000100011101011